{"id":4160,"date":"2024-12-04T18:36:57","date_gmt":"2024-12-04T17:36:57","guid":{"rendered":"https:\/\/www.politeamacatanzaro.net\/?page_id=4160"},"modified":"2025-05-05T08:32:43","modified_gmt":"2025-05-05T06:32:43","slug":"lepica-del-cinema-e-la-magia-delle-note","status":"publish","type":"page","link":"https:\/\/www.politeamacatanzaro.net\/?page_id=4160","title":{"rendered":"L&#8217;epica del cinema e la magia delle note"},"content":{"rendered":"\t\t<div data-elementor-type=\"wp-page\" data-elementor-id=\"4160\" class=\"elementor elementor-4160\">\n\t\t\t\t\t\t<section class=\"elementor-section elementor-top-section elementor-element elementor-element-e0a81ab elementor-section-boxed elementor-section-height-default elementor-section-height-default\" data-id=\"e0a81ab\" data-element_type=\"section\" data-e-type=\"section\">\n\t\t\t\t\t\t<div class=\"elementor-container elementor-column-gap-default\">\n\t\t\t\t\t<div class=\"elementor-column elementor-col-100 elementor-top-column elementor-element elementor-element-54cb3b4\" data-id=\"54cb3b4\" data-element_type=\"column\" data-e-type=\"column\">\n\t\t\t<div class=\"elementor-widget-wrap elementor-element-populated\">\n\t\t\t\t\t\t<section class=\"elementor-section elementor-inner-section elementor-element elementor-element-6663c7b animated-slow elementor-section-boxed elementor-section-height-default elementor-section-height-default elementor-invisible\" data-id=\"6663c7b\" data-element_type=\"section\" data-e-type=\"section\" data-settings=\"{&quot;background_background&quot;:&quot;classic&quot;,&quot;animation&quot;:&quot;fadeInRight&quot;}\">\n\t\t\t\t\t\t<div class=\"elementor-container elementor-column-gap-default\">\n\t\t\t\t\t<div class=\"elementor-column elementor-col-50 elementor-inner-column elementor-element elementor-element-3ca6913\" data-id=\"3ca6913\" data-element_type=\"column\" data-e-type=\"column\">\n\t\t\t<div class=\"elementor-widget-wrap elementor-element-populated\">\n\t\t\t\t\t\t<div class=\"elementor-element elementor-element-37b98a8 elementor-widget-tablet__width-initial elementor-widget elementor-widget-heading\" data-id=\"37b98a8\" data-element_type=\"widget\" data-e-type=\"widget\" data-widget_type=\"heading.default\">\n\t\t\t\t<div class=\"elementor-widget-container\">\n\t\t\t\t\t<h3 class=\"elementor-heading-title elementor-size-default\">ALTRI EVENTI<\/h3>\t\t\t\t<\/div>\n\t\t\t\t<\/div>\n\t\t\t\t<div class=\"elementor-element elementor-element-b737517 elementor-widget elementor-widget-heading\" data-id=\"b737517\" data-element_type=\"widget\" data-e-type=\"widget\" data-widget_type=\"heading.default\">\n\t\t\t\t<div class=\"elementor-widget-container\">\n\t\t\t\t\t<h1 class=\"elementor-heading-title elementor-size-default\">L'EPICA DEL CINEMA<br>\nE LA MAGIA DELLE NOTE<\/h1>\t\t\t\t<\/div>\n\t\t\t\t<\/div>\n\t\t\t\t<div class=\"elementor-element elementor-element-5137bfa elementor-widget elementor-widget-text-editor\" data-id=\"5137bfa\" data-element_type=\"widget\" data-e-type=\"widget\" data-widget_type=\"text-editor.default\">\n\t\t\t\t<div class=\"elementor-widget-container\">\n\t\t\t\t\t\t\t\t\t<p><strong>15-16-17 Gennaio 2025<br \/><\/strong><br \/>Retrospettiva<br \/><strong>Sergio Leone &#8211; Ennio Morricone<\/strong><\/p>\t\t\t\t\t\t\t\t<\/div>\n\t\t\t\t<\/div>\n\t\t\t\t<div class=\"elementor-element elementor-element-a048f28 elementor-widget elementor-widget-text-editor\" data-id=\"a048f28\" data-element_type=\"widget\" data-e-type=\"widget\" data-widget_type=\"text-editor.default\">\n\t\t\t\t<div class=\"elementor-widget-container\">\n\t\t\t\t\t\t\t\t\t<p><strong>6-7-8 Maggio 2025<br \/><\/strong><br \/>Retrospettiva<br \/><strong>Steven Spielberg &#8211; John Williams<\/strong><\/p>\t\t\t\t\t\t\t\t<\/div>\n\t\t\t\t<\/div>\n\t\t\t\t\t<\/div>\n\t\t<\/div>\n\t\t\t\t<div class=\"elementor-column elementor-col-50 elementor-inner-column elementor-element elementor-element-ecd6119\" data-id=\"ecd6119\" data-element_type=\"column\" data-e-type=\"column\">\n\t\t\t<div class=\"elementor-widget-wrap elementor-element-populated\">\n\t\t\t\t\t\t<div class=\"elementor-element elementor-element-4a6d058 elementor-widget elementor-widget-image\" data-id=\"4a6d058\" data-element_type=\"widget\" data-e-type=\"widget\" data-widget_type=\"image.default\">\n\t\t\t\t<div class=\"elementor-widget-container\">\n\t\t\t\t\t\t\t\t\t\t\t\t\t\t\t<img fetchpriority=\"high\" decoding=\"async\" width=\"1120\" height=\"1600\" src=\"https:\/\/www.politeamacatanzaro.net\/wp-content\/uploads\/2025\/05\/6-7-8-05-2025.jpeg\" class=\"attachment-full size-full wp-image-4739\" alt=\"\" srcset=\"https:\/\/www.politeamacatanzaro.net\/wp-content\/uploads\/2025\/05\/6-7-8-05-2025.jpeg 1120w, https:\/\/www.politeamacatanzaro.net\/wp-content\/uploads\/2025\/05\/6-7-8-05-2025-210x300.jpeg 210w, https:\/\/www.politeamacatanzaro.net\/wp-content\/uploads\/2025\/05\/6-7-8-05-2025-717x1024.jpeg 717w, https:\/\/www.politeamacatanzaro.net\/wp-content\/uploads\/2025\/05\/6-7-8-05-2025-768x1097.jpeg 768w, https:\/\/www.politeamacatanzaro.net\/wp-content\/uploads\/2025\/05\/6-7-8-05-2025-1075x1536.jpeg 1075w\" sizes=\"(max-width: 1120px) 100vw, 1120px\" \/>\t\t\t\t\t\t\t\t\t\t\t\t\t\t\t<\/div>\n\t\t\t\t<\/div>\n\t\t\t\t\t<\/div>\n\t\t<\/div>\n\t\t\t\t\t<\/div>\n\t\t<\/section>\n\t\t\t\t<section class=\"elementor-section elementor-inner-section elementor-element elementor-element-d2ffc20 animated-slow elementor-section-boxed elementor-section-height-default elementor-section-height-default elementor-invisible\" data-id=\"d2ffc20\" data-element_type=\"section\" data-e-type=\"section\" data-settings=\"{&quot;background_background&quot;:&quot;classic&quot;,&quot;animation&quot;:&quot;fadeInRight&quot;}\">\n\t\t\t\t\t\t<div class=\"elementor-container elementor-column-gap-default\">\n\t\t\t\t\t<div class=\"elementor-column elementor-col-100 elementor-inner-column elementor-element elementor-element-5d78e3d\" data-id=\"5d78e3d\" data-element_type=\"column\" data-e-type=\"column\">\n\t\t\t<div class=\"elementor-widget-wrap elementor-element-populated\">\n\t\t\t\t\t\t<div class=\"elementor-element elementor-element-667f2ad elementor-widget elementor-widget-text-editor\" data-id=\"667f2ad\" data-element_type=\"widget\" data-e-type=\"widget\" data-widget_type=\"text-editor.default\">\n\t\t\t\t<div class=\"elementor-widget-container\">\n\t\t\t\t\t\t\t\t\t<p>La musica e il cinema, il compositore e il regista, sono legati da un rapporto simbiotico ben testimoniato da due tra i sodalizi pi\u00f9 iconici e rappresentativi. Ennio Morricone e Sergio Leone hanno suggellato un\u2019unione artistica senza pari per la nostra cultura identitaria, consegnando alla storia capolavori musicali con tratti distintivi della grande melodia italiana. Steven Spielberg e John Williams hanno dato vita ad una collaborazione che \u00e8 riuscita a resistere alla prova del tempo, generando un impatto importante sulla cultura popolare mondiale. Musica &amp; Cinema ha voluto dedicare loro due retrospettive con proiezioni cinematografiche commentate da importanti critici italiani.<\/p><p>Ha detto Steven Spielberg di John Williams: \u201c\u00e8 il pi\u00f9 grande partner creativo che abbia mai avuto, lavoriamo insieme da 52 anni\u201d: non si pu\u00f2 definire meglio un sodalizio che \u00e8 iniziato nel 1974, con Sugarland Express, e dura tutt\u2019oggi, il pi\u00f9 lungo della storia del cinema avendo il musicista composto le colonne sonore di ben 28 film sui 35 del regista. Passando per Lo Squalo, E.T., Jurassic Park, Schindler\u2019s List, I Predatori dell\u2019Arca Perduta\u2026: senza mai sbagliare un colpo, riuscendo ogni volta ad imprimere un certo carattere, una certa emozione, nelle sequenze dei capolavori del genio di Cincinnati. <br \/>Come per lo scorso appuntamento sul binomio Leone-Morricone, a condurre la parte critica delle serate ci sar\u00e0 Gian Lorenzo Franz\u00ec: autore di diversi saggi sul cinema, collaboratore di CineCritica Web, La Scimmia Pensa e altre testate, Franz\u00ec \u00e8 giurato dei Nastri d\u2019Argento e ospite fisso, come critico, al Cinematografo di Gigi Marzullo, su RaiUno, ogni venerd\u00ec notte. <br \/>Il 6 maggio, ad introdurre Lo Squalo, insieme a lui ci sar\u00e0 poi Emanuele Rauco: anche lui scrive per varie testate, ed \u00e8 autore anche di due saggi su Spielberg, Blinded by light e Bigger Boat, Il Senso della meraviglia nei film di Steven Spielberg (Ed. Bakemono Lab, per cui ha pubblicato approfondimenti anche su Del Toro, Burton, Kitano), mentre dal 2016 \u00e8 membro della Commissione selezionatrice della Mostra del Cinema di Venezia. <br \/>A seguire, il 7 maggio Franz\u00ec incontrer\u00e0 Daniela Rambaldi per parlare di E.T.: Daniela \u00e8 la figlia del genio degli effetti speciali premiato con ben tre Oscar (per il film di Spielberg nel 1983, Alien nel 1980, King Kong nel 1977) e inventore della meccatronica, oltre ad essere attualmente la vicepresidente della Fondazione Culturale Carlo Rambaldi. <br \/>In conclusione della rassegna, l\u20198 maggio prima della proiezione di Jurassic Park sar\u00e0 presente Claudio Cosentino: dal 2012 docente di scenografia presso l\u2019ABA di Catanzaro, ha lavorato e lavora come art director e scenografo su set importanti come Il Talento del Calabrone di Giacomo Cimini, Dracula 3D di Dario Argento, e nel 2015 ha ricevuto la nomination all\u2019Art Directors Guild awards come Concept Artist per il colossal King Tut, con Ben Kingsley nel cast.<\/p>\t\t\t\t\t\t\t\t<\/div>\n\t\t\t\t<\/div>\n\t\t\t\t\t<\/div>\n\t\t<\/div>\n\t\t\t\t\t<\/div>\n\t\t<\/section>\n\t\t\t\t<section class=\"elementor-section elementor-inner-section elementor-element elementor-element-6d39e5b animated-slow elementor-section-boxed elementor-section-height-default elementor-section-height-default elementor-invisible\" data-id=\"6d39e5b\" data-element_type=\"section\" data-e-type=\"section\" data-settings=\"{&quot;background_background&quot;:&quot;classic&quot;,&quot;animation&quot;:&quot;fadeInRight&quot;}\">\n\t\t\t\t\t\t<div class=\"elementor-container elementor-column-gap-default\">\n\t\t\t\t\t<div class=\"elementor-column elementor-col-100 elementor-inner-column elementor-element elementor-element-e8c38f1\" data-id=\"e8c38f1\" data-element_type=\"column\" data-e-type=\"column\">\n\t\t\t<div class=\"elementor-widget-wrap elementor-element-populated\">\n\t\t\t\t\t\t<div class=\"elementor-element elementor-element-2d1eeb5 elementor-widget elementor-widget-text-editor\" data-id=\"2d1eeb5\" data-element_type=\"widget\" data-e-type=\"widget\" data-widget_type=\"text-editor.default\">\n\t\t\t\t<div class=\"elementor-widget-container\">\n\t\t\t\t\t\t\t\t\t<p>Retrospettiva Sergio Leone \u2013 Ennio Morricone<br \/>Supercinema di Catanzaro<br \/>Ingresso gratuito<\/p><p>Mercoled\u00ec 15 gennaio ore 17<br \/>Il buono, il brutto, il cattivo (1966)<br \/>Con Clint Eastwood, Eli Wallach, Lee Van Cleef:<\/p><p>Considerato il capolavoro di Leone, conclude la trilogia del dollaro che ha creato il genere \u2018spaghetti western\u201d e che annovera altri titoli indimenticabili come &#8220;Per qualche dollaro in pi\u00f9&#8221; e &#8220;Per un pugno di dollari&#8221;.<\/p><p>Gioved\u00ec 16 gennaio ore 17<br \/>C\u2019era una volta il West (1968)<br \/>Con Henry Fonda, Claudia Cardinale<\/p><p>Il film inizia la \u201ctrilogia del tempo\u201d, omaggio ai western americani caratterizzati dall&#8217;inconfondibile \u201cstile Leone\u201d<\/p><p>Venerd\u00ec 17 gennaio ore 17<br \/>C\u2019era una volta in America (1984)<br \/>Con Robert De Niro<\/p><p>L&#8217;opera conclude la \u201ctrilogia del tempo&#8221;. Considerato uno dei migliori film gangster mai realizzati in assoluto, \u00e8 l&#8217;ultima opera firmata dal leggendario Sergio Leone, nonch\u00e9 il suo definitivo testamento cinematografico.<\/p>\t\t\t\t\t\t\t\t<\/div>\n\t\t\t\t<\/div>\n\t\t\t\t\t<\/div>\n\t\t<\/div>\n\t\t\t\t\t<\/div>\n\t\t<\/section>\n\t\t\t\t\t<\/div>\n\t\t<\/div>\n\t\t\t\t\t<\/div>\n\t\t<\/section>\n\t\t\t\t<\/div>\n\t\t","protected":false},"excerpt":{"rendered":"<p>ALTRI EVENTI L&#8217;EPICA DEL CINEMA E LA MAGIA DELLE NOTE 15-16-17 Gennaio 2025RetrospettivaSergio Leone &#8211; Ennio Morricone 6-7-8 Maggio 2025RetrospettivaSteven Spielberg &#8211; John Williams La musica e il cinema, il compositore e il regista, sono legati da un rapporto simbiotico ben testimoniato da due tra i sodalizi pi\u00f9 iconici e rappresentativi. Ennio Morricone e Sergio [&hellip;]<\/p>\n","protected":false},"author":1,"featured_media":0,"parent":4118,"menu_order":0,"comment_status":"closed","ping_status":"closed","template":"elementor_header_footer","meta":{"iawp_total_views":5,"footnotes":""},"class_list":["post-4160","page","type-page","status-publish","hentry"],"_links":{"self":[{"href":"https:\/\/www.politeamacatanzaro.net\/index.php?rest_route=\/wp\/v2\/pages\/4160"}],"collection":[{"href":"https:\/\/www.politeamacatanzaro.net\/index.php?rest_route=\/wp\/v2\/pages"}],"about":[{"href":"https:\/\/www.politeamacatanzaro.net\/index.php?rest_route=\/wp\/v2\/types\/page"}],"author":[{"embeddable":true,"href":"https:\/\/www.politeamacatanzaro.net\/index.php?rest_route=\/wp\/v2\/users\/1"}],"replies":[{"embeddable":true,"href":"https:\/\/www.politeamacatanzaro.net\/index.php?rest_route=%2Fwp%2Fv2%2Fcomments&post=4160"}],"version-history":[{"count":22,"href":"https:\/\/www.politeamacatanzaro.net\/index.php?rest_route=\/wp\/v2\/pages\/4160\/revisions"}],"predecessor-version":[{"id":4761,"href":"https:\/\/www.politeamacatanzaro.net\/index.php?rest_route=\/wp\/v2\/pages\/4160\/revisions\/4761"}],"up":[{"embeddable":true,"href":"https:\/\/www.politeamacatanzaro.net\/index.php?rest_route=\/wp\/v2\/pages\/4118"}],"wp:attachment":[{"href":"https:\/\/www.politeamacatanzaro.net\/index.php?rest_route=%2Fwp%2Fv2%2Fmedia&parent=4160"}],"curies":[{"name":"wp","href":"https:\/\/api.w.org\/{rel}","templated":true}]}}