{"id":4155,"date":"2024-12-04T18:34:27","date_gmt":"2024-12-04T17:34:27","guid":{"rendered":"https:\/\/www.politeamacatanzaro.net\/?page_id=4155"},"modified":"2025-05-05T08:36:03","modified_gmt":"2025-05-05T06:36:03","slug":"oltre-lo-spazio","status":"publish","type":"page","link":"https:\/\/www.politeamacatanzaro.net\/?page_id=4155","title":{"rendered":"Oltre lo Spazio"},"content":{"rendered":"\t\t<div data-elementor-type=\"wp-page\" data-elementor-id=\"4155\" class=\"elementor elementor-4155\">\n\t\t\t\t\t\t<section class=\"elementor-section elementor-top-section elementor-element elementor-element-3fa43ef elementor-section-boxed elementor-section-height-default elementor-section-height-default\" data-id=\"3fa43ef\" data-element_type=\"section\" data-e-type=\"section\">\n\t\t\t\t\t\t<div class=\"elementor-container elementor-column-gap-default\">\n\t\t\t\t\t<div class=\"elementor-column elementor-col-100 elementor-top-column elementor-element elementor-element-d3e444a\" data-id=\"d3e444a\" data-element_type=\"column\" data-e-type=\"column\">\n\t\t\t<div class=\"elementor-widget-wrap elementor-element-populated\">\n\t\t\t\t\t\t<section class=\"elementor-section elementor-inner-section elementor-element elementor-element-89090be animated-slow elementor-section-boxed elementor-section-height-default elementor-section-height-default elementor-invisible\" data-id=\"89090be\" data-element_type=\"section\" data-e-type=\"section\" data-settings=\"{&quot;background_background&quot;:&quot;classic&quot;,&quot;animation&quot;:&quot;fadeInRight&quot;}\">\n\t\t\t\t\t\t<div class=\"elementor-container elementor-column-gap-default\">\n\t\t\t\t\t<div class=\"elementor-column elementor-col-50 elementor-inner-column elementor-element elementor-element-1c77799\" data-id=\"1c77799\" data-element_type=\"column\" data-e-type=\"column\">\n\t\t\t<div class=\"elementor-widget-wrap elementor-element-populated\">\n\t\t\t\t\t\t<div class=\"elementor-element elementor-element-4dc6805 elementor-widget-tablet__width-initial elementor-widget elementor-widget-heading\" data-id=\"4dc6805\" data-element_type=\"widget\" data-e-type=\"widget\" data-widget_type=\"heading.default\">\n\t\t\t\t<div class=\"elementor-widget-container\">\n\t\t\t\t\t<h3 class=\"elementor-heading-title elementor-size-default\">9 Maggio 2025 ore 21:00 <\/h3>\t\t\t\t<\/div>\n\t\t\t\t<\/div>\n\t\t\t\t<div class=\"elementor-element elementor-element-67a4146 elementor-widget elementor-widget-heading\" data-id=\"67a4146\" data-element_type=\"widget\" data-e-type=\"widget\" data-widget_type=\"heading.default\">\n\t\t\t\t<div class=\"elementor-widget-container\">\n\t\t\t\t\t<h1 class=\"elementor-heading-title elementor-size-default\">OLTRE LO SPAZIO<\/h1>\t\t\t\t<\/div>\n\t\t\t\t<\/div>\n\t\t\t\t<div class=\"elementor-element elementor-element-0c6f6e4 elementor-widget elementor-widget-heading\" data-id=\"0c6f6e4\" data-element_type=\"widget\" data-e-type=\"widget\" data-widget_type=\"heading.default\">\n\t\t\t\t<div class=\"elementor-widget-container\">\n\t\t\t\t\t<h3 class=\"elementor-heading-title elementor-size-default\">DA E.T. A STAR WARS<\/h3>\t\t\t\t<\/div>\n\t\t\t\t<\/div>\n\t\t\t\t<div class=\"elementor-element elementor-element-a7cb799 elementor-widget elementor-widget-heading\" data-id=\"a7cb799\" data-element_type=\"widget\" data-e-type=\"widget\" data-widget_type=\"heading.default\">\n\t\t\t\t<div class=\"elementor-widget-container\">\n\t\t\t\t\t<h4 class=\"elementor-heading-title elementor-size-default\">Omaggio a John Williams\n<\/h4>\t\t\t\t<\/div>\n\t\t\t\t<\/div>\n\t\t\t\t<div class=\"elementor-element elementor-element-5c1d7fe elementor-widget elementor-widget-text-editor\" data-id=\"5c1d7fe\" data-element_type=\"widget\" data-e-type=\"widget\" data-widget_type=\"text-editor.default\">\n\t\t\t\t<div class=\"elementor-widget-container\">\n\t\t\t\t\t\t\t\t\t<p><strong>Orchestra Filarmonica della Calabria<\/strong> <br \/>Direttore <strong>Filippo Arlia<\/strong><\/p>\t\t\t\t\t\t\t\t<\/div>\n\t\t\t\t<\/div>\n\t\t\t\t\t<\/div>\n\t\t<\/div>\n\t\t\t\t<div class=\"elementor-column elementor-col-50 elementor-inner-column elementor-element elementor-element-ab81cf1\" data-id=\"ab81cf1\" data-element_type=\"column\" data-e-type=\"column\">\n\t\t\t<div class=\"elementor-widget-wrap elementor-element-populated\">\n\t\t\t\t\t\t<div class=\"elementor-element elementor-element-7a6966b elementor-widget elementor-widget-image\" data-id=\"7a6966b\" data-element_type=\"widget\" data-e-type=\"widget\" data-widget_type=\"image.default\">\n\t\t\t\t<div class=\"elementor-widget-container\">\n\t\t\t\t\t\t\t\t\t\t\t\t\t\t\t<img fetchpriority=\"high\" decoding=\"async\" width=\"1120\" height=\"1600\" src=\"https:\/\/www.politeamacatanzaro.net\/wp-content\/uploads\/2025\/05\/oltrelospazio-05052025.jpeg\" class=\"attachment-full size-full wp-image-4741\" alt=\"\" srcset=\"https:\/\/www.politeamacatanzaro.net\/wp-content\/uploads\/2025\/05\/oltrelospazio-05052025.jpeg 1120w, https:\/\/www.politeamacatanzaro.net\/wp-content\/uploads\/2025\/05\/oltrelospazio-05052025-210x300.jpeg 210w, https:\/\/www.politeamacatanzaro.net\/wp-content\/uploads\/2025\/05\/oltrelospazio-05052025-717x1024.jpeg 717w, https:\/\/www.politeamacatanzaro.net\/wp-content\/uploads\/2025\/05\/oltrelospazio-05052025-768x1097.jpeg 768w, https:\/\/www.politeamacatanzaro.net\/wp-content\/uploads\/2025\/05\/oltrelospazio-05052025-1075x1536.jpeg 1075w\" sizes=\"(max-width: 1120px) 100vw, 1120px\" \/>\t\t\t\t\t\t\t\t\t\t\t\t\t\t\t<\/div>\n\t\t\t\t<\/div>\n\t\t\t\t\t<\/div>\n\t\t<\/div>\n\t\t\t\t\t<\/div>\n\t\t<\/section>\n\t\t\t\t<section class=\"elementor-section elementor-inner-section elementor-element elementor-element-060c9ca animated-slow elementor-section-boxed elementor-section-height-default elementor-section-height-default elementor-invisible\" data-id=\"060c9ca\" data-element_type=\"section\" data-e-type=\"section\" data-settings=\"{&quot;background_background&quot;:&quot;classic&quot;,&quot;animation&quot;:&quot;fadeInRight&quot;}\">\n\t\t\t\t\t\t<div class=\"elementor-container elementor-column-gap-default\">\n\t\t\t\t\t<div class=\"elementor-column elementor-col-100 elementor-inner-column elementor-element elementor-element-bc0b0b1\" data-id=\"bc0b0b1\" data-element_type=\"column\" data-e-type=\"column\">\n\t\t\t<div class=\"elementor-widget-wrap elementor-element-populated\">\n\t\t\t\t\t\t<div class=\"elementor-element elementor-element-9b2fd3c elementor-widget elementor-widget-text-editor\" data-id=\"9b2fd3c\" data-element_type=\"widget\" data-e-type=\"widget\" data-widget_type=\"text-editor.default\">\n\t\t\t\t<div class=\"elementor-widget-container\">\n\t\t\t\t\t\t\t\t\t<p>Una produzione originale che conclude la rassegna M&amp;C omaggiando John Williams, uno dei pi\u00f9 grandi compositori della storia, autore di colonne sonore indimenticabili, grazie alle quali ha vinto ben 5 premi Oscar, 26 Grammy e innumerevoli altri premi. Il progetto valorizza l\u2019attivit\u00e0 di due realt\u00e0 culturali importanti per il Teatro: la scuola di ballo del Politeama diretta dal Maestro Giovanni Calabr\u00f2 e l\u2019orchestra Filarmonica della Calabria diretta dal Maestro Filippo Arlia, che, per la prima volta insieme, offriranno al pubblico un viaggio tra alcuni capolavori immortali composti dal Maestro come Star Wars, ET, e tanti altri.<\/p><p>Programma musicale: <br \/>\u2022 J. Williams: Star Wars <br \/>\u2022 J. Williams: E.T. Suite<br \/>\u2022 J. Williams: Jurassic Park<br \/>\u2022 R. Strauss: Also Sprach Zarathustra dal film \u201c2001 Odissea nello spazio\u201d di Stanley Kubrick <br \/>\u2022 J. Strauss: Sul bel Danubio blu dal film \u201d2001 Odissea nello spazio\u201d di Stanley Kubrick <br \/>\u2022 A. Khachaturian: \u201cGayane ballet suite(Adagio) \u201cdal film \u201c2001 Odissea nello spazio\u201d di Stanley Kubrick<\/p>\t\t\t\t\t\t\t\t<\/div>\n\t\t\t\t<\/div>\n\t\t\t\t\t<\/div>\n\t\t<\/div>\n\t\t\t\t\t<\/div>\n\t\t<\/section>\n\t\t\t\t\t<\/div>\n\t\t<\/div>\n\t\t\t\t\t<\/div>\n\t\t<\/section>\n\t\t\t\t<\/div>\n\t\t","protected":false},"excerpt":{"rendered":"<p>9 Maggio 2025 ore 21:00 OLTRE LO SPAZIO DA E.T. A STAR WARS Omaggio a John Williams Orchestra Filarmonica della Calabria Direttore Filippo Arlia Una produzione originale che conclude la rassegna M&amp;C omaggiando John Williams, uno dei pi\u00f9 grandi compositori della storia, autore di colonne sonore indimenticabili, grazie alle quali ha vinto ben 5 premi [&hellip;]<\/p>\n","protected":false},"author":1,"featured_media":0,"parent":4118,"menu_order":0,"comment_status":"closed","ping_status":"closed","template":"elementor_header_footer","meta":{"iawp_total_views":2,"footnotes":""},"class_list":["post-4155","page","type-page","status-publish","hentry"],"_links":{"self":[{"href":"https:\/\/www.politeamacatanzaro.net\/index.php?rest_route=\/wp\/v2\/pages\/4155"}],"collection":[{"href":"https:\/\/www.politeamacatanzaro.net\/index.php?rest_route=\/wp\/v2\/pages"}],"about":[{"href":"https:\/\/www.politeamacatanzaro.net\/index.php?rest_route=\/wp\/v2\/types\/page"}],"author":[{"embeddable":true,"href":"https:\/\/www.politeamacatanzaro.net\/index.php?rest_route=\/wp\/v2\/users\/1"}],"replies":[{"embeddable":true,"href":"https:\/\/www.politeamacatanzaro.net\/index.php?rest_route=%2Fwp%2Fv2%2Fcomments&post=4155"}],"version-history":[{"count":22,"href":"https:\/\/www.politeamacatanzaro.net\/index.php?rest_route=\/wp\/v2\/pages\/4155\/revisions"}],"predecessor-version":[{"id":4771,"href":"https:\/\/www.politeamacatanzaro.net\/index.php?rest_route=\/wp\/v2\/pages\/4155\/revisions\/4771"}],"up":[{"embeddable":true,"href":"https:\/\/www.politeamacatanzaro.net\/index.php?rest_route=\/wp\/v2\/pages\/4118"}],"wp:attachment":[{"href":"https:\/\/www.politeamacatanzaro.net\/index.php?rest_route=%2Fwp%2Fv2%2Fmedia&parent=4155"}],"curies":[{"name":"wp","href":"https:\/\/api.w.org\/{rel}","templated":true}]}}